 the prime factors of 76662.
2, 3, 4259
List the prime factors of 43092.
2, 3, 7, 19
What are the prime factors of 623?
7, 89
List the prime factors of 23089.
11, 2099
List the prime factors of 83299.
83299
What are the prime factors of 13428?
2, 3, 373
What are the prime factors of 46094?
2, 19, 1213
What are the prime factors of 2592?
2, 3
List the prime factors of 102267.
3, 11, 1033
What are the prime factors of 1156?
2, 17
List the prime factors of 11700.
2, 3, 5, 13
What are the prime factors of 33409?
33409
What are the prime factors of 2643?
3, 881
List the prime factors of 1479.
3, 17, 29
What are the prime factors of 4943?
4943
List the prime factors of 2509.
13, 193
List the prime factors of 7856.
2, 491
List the prime factors of 63628.
2, 15907
What are the prime factors of 753?
3, 251
What are the prime factors of 12200?
2, 5, 61
What are the prime factors of 530?
2, 5, 53
List the prime factors of 34051.
17, 2003
List the prime factors of 4418.
2, 47
What are the prime factors of 3208?
2, 401
List the prime factors of 22474.
2, 17, 661
List the prime factors of 10311.
3, 7, 491
List the prime factors of 27160.
2, 5, 7, 97
List the prime factors of 112360.
2, 5, 53
List the prime factors of 2375.
5, 19
What are the prime factors of 2871?
3, 11, 29
List the prime factors of 7392.
2, 3, 7, 11
List the prime factors of 120.
2, 3, 5
List the prime factors of 9728.
2, 19
What are the prime factors of 53?
53
List the prime factors of 19594.
2, 97, 101
What are the prime factors of 2276?
2, 569
List the prime factors of 58357.
13, 67
List the prime factors of 1575.
3, 5, 7
What are the prime factors of 1108?
2, 277
What are the prime factors of 83991?
3, 27997
List the prime factors of 7202.
2, 13, 277
List the prime factors of 76057.
19, 4003
What are the prime factors of 1161?
3, 43
What are the prime factors of 59?
59
List the prime factors of 536.
2, 67
What are the prime factors of 27857?
89, 313
What are the prime factors of 1979?
1979
List the prime factors of 810.
2, 3, 5
What are the prime factors of 2391?
3, 797
What are the prime factors of 4587?
3, 11, 139
What are the prime factors of 850?
2, 5, 17
List the prime factors of 37811.
37811
What are the prime factors of 1502?
2, 751
List the prime factors of 317.
317
What are the prime factors of 1540?
2, 5, 7, 11
What are the prime factors of 5589?
3, 23
List the prime factors of 249.
3, 83
What are the prime factors of 5479?
5479
List the prime factors of 979.
11, 89
What are the prime factors of 44191?
7, 59, 107
List the prime factors of 10029.
3, 3343
List the prime factors of 516.
2, 3, 43
List the prime factors of 61785.
3, 5, 1373
List the prime factors of 3133.
13, 241
List the prime factors of 30336.
2, 3, 79
What are the prime factors of 2813?
29, 97
What are the prime factors of 4352?
2, 17
List the prime factors of 6327.
3, 19, 37
What are the prime factors of 664?
2, 83
What are the prime factors of 7755?
3, 5, 11, 47
What are the prime factors of 3116?
2, 19, 41
What are the prime factors of 12745?
5, 2549
List the prime factors of 2274.
2, 3, 379
List the prime factors of 1304.
2, 163
What are the prime factors of 1900?
2, 5, 19
List the prime factors of 622.
2, 311
What are the prime factors of 668?
2, 167
What are the prime factors of 413?
7, 59
What are the prime factors of 20590?
2, 5, 29, 71
What are the prime factors of 4414?
2, 2207
What are the prime factors of 1306?
2, 653
What are the prime factors of 2859?
3, 953
What are the prime factors of 2505?
3, 5, 167
What are the prime factors of 10681?
11, 971
List the prime factors of 235.
5, 47
List the prime factors of 10162.
2, 5081
List the prime factors of 113467.
113467
What are the prime factors of 11626?
2, 5813
What are the prime factors of 684?
2, 3, 19
List the prime factors of 47638.
2, 23819
List the prime factors of 709.
709
What are the prime factors of 37255?
5, 7451
List the prime factors of 50220.
2, 3, 5, 31
What are the prime factors of 537?
3, 179
What are the prime factors of 3083?
3083
List the prime factors of 490.
2, 5, 7
List the prime factors of 27753.
3, 11, 29
List the prime factors of 43536.
2, 3, 907
List the prime factors of 7495.
5, 1499
What are the prime factors of 80448?
2, 3, 419
List the prime factors of 17384.
2, 41, 53
What are the prime factors of 30383?
23, 1321
What are the prime factors of 533?
13, 41
What are the prime factors of 30086?
2, 7, 307
List the prime factors of 786.
2, 3, 131
List the prime factors of 7843.
11, 23, 31
What are the prime factors of 2000?
2, 5
What are the prime factors of 36458?
2, 18229
List the prime factors of 78.
2, 3, 13
List the prime factors of 48395.
5, 9679
What are the prime factors of 39294?
2, 3, 37, 59
List the prime factors of 3454.
2, 11, 157
List the prime factors of 4508.
2, 7, 23
What are the prime factors of 21762?
2, 3, 13, 31
List the prime factors of 19816.
2, 2477
What are the prime factors of 3092?
2, 773
List the prime factors of 9072.
2, 3, 7
What are the prime factors of 36747?
3, 1361
What are the prime factors of 8532?
2, 3, 79
What are the prime factors of 187?
11, 17
What are the prime factors of 15018?
2, 3, 2503
What are the prime factors of 422?
2, 211
What are the prime factors of 41384?
2, 7, 739
What are the prime factors of 1053?
3, 13
List the prime factors of 42990.
2, 3, 5, 1433
What are the prime factors of 222?
2, 3, 37
List the prime factors of 156207.
3, 52069
List the prime factors of 174.
2, 3, 29
List the prime factors of 65542.
2, 32771
What are the prime factors of 3509?
11, 29
List the prime factors of 6372.
2, 3, 59
What are the prime factors of 9117?
3, 1013
List the prime factors of 779.
19, 41
List the prime factors of 2433.
3, 811
What are the prime factors of 78943?
89, 887
What are the prime factors of 44128?
2, 7, 197
List the prime factors of 45930.
2, 3, 5, 1531
List the prime factors of 84410.
2, 5, 23, 367
List the prime factors of 5807.
5807
List the prime factors of 35408.
2, 2213
List the prime factors of 42138.
2, 3, 2341
List the prime factors of 2454.
2, 3, 409
List the prime factors of 36639.
3, 23, 59
List the prime factors of 2139.
3, 23, 31
List the prime factors of 20049.
3, 41, 163
List the prime factors of 18459.
3, 7, 293
What are the prime factors of 14312?
2, 1789
What are the prime factors of 93?
3, 31
List the prime factors of 3150.
2, 3, 5, 7
What are the prime factors of 6562?
2, 17, 193
List the prime factors of 491.
491
List the prime factors of 29595.
3, 5, 1973
What are the prime factors of 39602?
2, 19801
List the prime factors of 21579.
3, 7193
What are the prime factors of 8014?
2, 4007
List the prime factors of 2778.
2, 3, 463
List the prime factors of 9508.
2, 2377
List the prime factors of 19525.
5, 11, 71
List the prime factors of 3146.
2, 11, 13
List the prime factors of 10351.
11, 941
What are the prime factors of 11283?
3, 3761
List the prime factors of 590.
2, 5, 59
What are the prime factors of 8198?
2, 4099
What are the prime factors of 92528?
2, 5783
What are the prime factors of 64245?
3, 5, 4283
List the prime factors of 18665.
5, 3733
What are the prime factors of 7164?
2, 3, 199
What are the prime factors of 12532?
2, 13, 241
List the prime factors of 4196.
2, 1049
List the prime factors of 1035.
3, 5, 23
What are the prime factors of 30145?
5, 6029
List the prime factors of 1842.
2, 3, 307
List the prime factors of 16874.
2, 11, 13, 59
What are the prime factors of 38284?
2, 17, 563
What are the prime factors of 38253?
3, 41, 311
What are the prime factors of 173706?
2, 3, 13, 17, 131
What are the prime factors of 604?
2, 151
List the prime factors of 190.
2, 5, 19
List the prime factors of 3657.
3, 23, 53
List the prime factors of 3513.
3, 1171
What are the prime factors of 1829?
31, 59
What are the prime factors of 1328?
2, 83
List the prime factors of 31052.
2, 7, 1109
List the prime factors of 11315.
5, 31, 73
What are the prime factors of 46412?
2, 41, 283
List the prime factors of 62065.
5, 12413
What are the prime factors of 786?
2, 3, 131
What are the prime factors of 3350?
2, 5, 67
What are the prime factors of 41763?
3, 13921
List the prime factors of 1601.
1601
What are the prime factors of 1953?
3, 7, 31
What are the 